 13224 is divided by 105.
99
Calculate the remainder when 2058077 is divided by 38.
35
Calculate the remainder when 45662 is divided by 15210.
32
What is the remainder when 70976 is divided by 17743?
4
What is the remainder when 10172 is divided by 1665?
182
Calculate the remainder when 12625 is divided by 96.
49
Calculate the remainder when 961 is divided by 892.
69
Calculate the remainder when 11508 is divided by 32.
20
What is the remainder when 33390 is divided by 11101?
87
Calculate the remainder when 185594 is divided by 369.
356
Calculate the remainder when 4124 is divided by 1323.
155
What is the remainder when 1118 is divided by 527?
64
What is the remainder when 1054845 is divided by 71?
69
What is the remainder when 642314 is divided by 642314?
0
What is the remainder when 6959 is divided by 703?
632
Calculate the remainder when 50289 is divided by 3.
0
What is the remainder when 253567 is divided by 43?
39
What is the remainder when 18939 is divided by 758?
747
What is the remainder when 523 is divided by 31?
27
Calculate the remainder when 51000 is divided by 517.
334
Calculate the remainder when 20216 is divided by 2888.
0
What is the remainder when 1895 is divided by 117?
23
What is the remainder when 33946 is divided by 78?
16
What is the remainder when 15024 is divided by 85?
64
Calculate the remainder when 164861 is divided by 43.
42
What is the remainder when 304930 is divided by 924?
10
Calculate the remainder when 474322 is divided by 58.
56
What is the remainder when 5214 is divided by 888?
774
What is the remainder when 950 is divided by 139?
116
Calculate the remainder when 10516 is divided by 19.
9
What is the remainder when 94153 is divided by 160?
73
Calculate the remainder when 32046 is divided by 9.
6
What is the remainder when 5976 is divided by 165?
36
Calculate the remainder when 419268 is divided by 20963.
8
Calculate the remainder when 528148 is divided by 107.
103
What is the remainder when 33179 is divided by 1442?
13
Calculate the remainder when 28883 is divided by 9627.
2
What is the remainder when 6320815 is divided by 1830?
1825
What is the remainder when 56961 is divided by 166?
23
What is the remainder when 4167 is divided by 250?
167
What is the remainder when 13416 is divided by 4468?
12
What is the remainder when 160405 is divided by 27?
25
Calculate the remainder when 16786 is divided by 193.
188
What is the remainder when 409187 is divided by 23?
17
Calculate the remainder when 135230 is divided by 805.
795
Calculate the remainder when 28478 is divided by 185.
173
Calculate the remainder when 301336 is divided by 284.
12
Calculate the remainder when 221658 is divided by 73886.
0
Calculate the remainder when 1373509 is divided by 85.
79
Calculate the remainder when 180035 is divided by 54.
53
Calculate the remainder when 561732 is divided by 285.
282
What is the remainder when 29517 is divided by 222?
213
Calculate the remainder when 3041 is divided by 835.
536
Calculate the remainder when 12820 is divided by 3203.
8
Calculate the remainder when 12441 is divided by 3039.
285
Calculate the remainder when 283618 is divided by 389.
37
What is the remainder when 673763 is divided by 1110?
1103
What is the remainder when 7265 is divided by 40?
25
What is the remainder when 3315 is divided by 44?
15
What is the remainder when 5183 is divided by 1271?
99
Calculate the remainder when 16472920 is divided by 71.
68
What is the remainder when 335314 is divided by 42?
28
Calculate the remainder when 9040 is divided by 4502.
36
Calculate the remainder when 2285 is divided by 123.
71
Calculate the remainder when 4417 is divided by 1029.
301
What is the remainder when 7439 is divided by 26?
3
Calculate the remainder when 268120 is divided by 11.
6
What is the remainder when 17135 is divided by 82?
79
Calculate the remainder when 22648 is divided by 15.
13
What is the remainder when 471538 is divided by 3865?
8
What is the remainder when 3137 is divided by 448?
1
Calculate the remainder when 30425 is divided by 7.
3
Calculate the remainder when 158176 is divided by 110.
106
What is the remainder when 14855 is divided by 453?
359
Calculate the remainder when 2620 is divided by 829.
133
Calculate the remainder when 71907 is divided by 82.
75
Calculate the remainder when 69490 is divided by 717.
658
Calculate the remainder when 6865 is divided by 101.
98
Calculate the remainder when 1314 is divided by 261.
9
What is the remainder when 89586 is divided by 12?
6
What is the remainder when 7350282 is divided by 251?
249
What is the remainder when 3078 is divided by 446?
402
What is the remainder when 7430 is divided by 11?
5
What is the remainder when 43379 is divided by 21?
14
What is the remainder when 13146 is divided by 13128?
18
What is the remainder when 245317 is divided by 81769?
10
What is the remainder when 449672 is divided by 343?
342
What is the remainder when 1587787 is divided by 529262?
1
What is the remainder when 238677 is divided by 30?
27
What is the remainder when 118486 is divided by 93?
4
What is the remainder when 134181 is divided by 24?
21
What is the remainder when 936 is divided by 184?
16
What is the remainder when 754109 is divided by 810?
809
Calculate the remainder when 19316 is divided by 276.
272
Calculate the remainder when 101363 is divided by 539.
31
Calculate the remainder when 896309 is divided by 678.
671
What is the remainder when 485409 is divided by 21?
15
What is the remainder when 18752 is divided by 42?
20
Calculate the remainder when 189146 is divided by 7880.
26
Calculate the remainder when 56294 is divided by 7034.
22
What is the remainder when 14607 is divided by 54?
27
What is the remainder when 209561 is divided by 19051?
0
What is the remainder when 27181 is divided by 23?
18
What is the remainder when 151533 is divided by 308?
305
Calculate the remainder when 3151069 is divided by 1888.
1885
Calculate the remainder when 9734 is divided by 748.
10
What is the remainder when 1336 is divided by 124?
96
Calculate the remainder when 100237 is divided by 340.
277
What is the remainder when 12914 is divided by 4276?
86
Calculate the remainder when 12456 is divided by 377.
15
What is the remainder when 2378950 is divided by 888?
886
What is the remainder when 141555 is divided by 2399?
14
What is the remainder when 83514 is divided by 337?
275
Calculate the remainder when 49750 is divided by 298.
282
Calculate the remainder when 13177 is divided by 412.
405
What is the remainder when 15013 is divided by 1000?
13
What is the remainder when 1349 is divided by 224?
5
Calculate the remainder when 72533 is divided by 280.
13
Calculate the remainder when 8037 is divided by 3922.
193
Calculate the remainder when 11483 is divided by 20.
3
What is the remainder when 13959 is divided by 6219?
1521
What is the remainder when 4485 is divided by 196?
173
Calculate the remainder when 353979 is divided by 42.
3
What is the remainder when 15926 is divided by 2652?
14
Calculate the remainder when 10828 is divided by 19.
17
Calculate the remainder when 21368 is divided by 51.
50
What is the remainder when 4683 is divided by 9?
3
What is the remainder when 65253 is divided by 12?
9
What is the remainder when 1785237 is divided by 238?
237
Calculate the remainder when 11382 is divided by 136.
94
What is the remainder when 50829 is divided by 196?
65
Calculate the remainder when 98654 is divided by 98652.
2
What is the remainder when 3930 is divided by 95?
35
What is the remainder when 16061 is divided by 1337?
17
What is the remainder when 75556 is divided by 37723?
110
Calculate the remainder when 12963 is divided by 627.
423
Calculate the remainder when 65276 is divided by 18.
8
What is the remainder when 9884 is divided by 309?
305
Calculate the remainder when 27494 is divided by 44.
38
Calculate the remainder when 1500883 is divided by 443.
442
Calculate the remainder when 3167 is divided by 19.
13
What is the remainder when 787 is divided by 327?
133
What is the remainder when 93615 is divided by 3343?
11
What is the remainder when 513120 is divided by 256554?
12
What is the remainder when 289336 is divided by 124?
44
Calculate the remainder when 269904 is divided by 7102.
28
What is 